
140
What is the greatest common divisor of 1585 and 25?
5
Calculate the highest common divisor of 34 and 51.
17
What is the greatest common factor of 846 and 1504?
94
What is the highest common divisor of 1470 and 14490?
210
What is the greatest common divisor of 384 and 180?
12
What is the greatest common divisor of 5649 and 189?
21
Calculate the highest common factor of 54 and 216.
54
What is the highest common factor of 1100 and 44?
44
Calculate the greatest common divisor of 105 and 189.
21
Calculate the greatest common factor of 31 and 589.
31
Calculate the greatest common divisor of 38 and 12179.
19
Calculate the highest common factor of 283 and 31979.
283
Calculate the highest common factor of 6666 and 33.
33
Calculate the highest common divisor of 7811 and 146.
73
Calculate the highest common divisor of 22 and 506.
22
What is the greatest common divisor of 23491 and 417?
139
What is the greatest common divisor of 5130 and 10?
10
Calculate the highest common factor of 704 and 484.
44
What is the greatest common factor of 161 and 35?
7
What is the highest common divisor of 800 and 5120?
160
What is the greatest common factor of 16 and 32?
16
Calculate the greatest common divisor of 19503 and 197.
197
Calculate the highest common factor of 51 and 16881.
51
Calculate the highest common divisor of 352 and 288.
32
Calculate the highest common factor of 7592 and 13.
13
Calculate the highest common factor of 18849 and 366.
183
Calculate the highest common factor of 3682 and 28.
14
Calculate the highest common factor of 15 and 40.
5
What is the highest common factor of 161 and 42?
7
Calculate the greatest common divisor of 18150 and 50.
50
Calculate the greatest common divisor of 108 and 405.
27
Calculate the highest common divisor of 175 and 3220.
35
What is the greatest common divisor of 3 and 768?
3
Calculate the greatest common factor of 1125 and 625.
125
What is the greatest common divisor of 3874 and 1341?
149
Calculate the highest common divisor of 5 and 545.
5
Calculate the greatest common divisor of 873 and 4753.
97
Calculate the greatest common factor of 180 and 45.
45
What is the greatest common factor of 30 and 156?
6
Calculate the greatest common factor of 730 and 1180.
10
Calculate the greatest common factor of 1519 and 124.
31
What is the highest common divisor of 352 and 224?
32
Calculate the greatest common divisor of 50 and 200.
50
Calculate the greatest common factor of 60 and 480.
60
What is the highest common factor of 8 and 376?
8
What is the highest common divisor of 3979 and 23?
23
Calculate the highest common factor of 17 and 72.
1
Calculate the highest common divisor of 496 and 31.
31
What is the highest common divisor of 928 and 87?
29
What is the greatest common divisor of 216 and 32?
8
Calculate the highest common factor of 23 and 1219.
23
Calculate the highest common factor of 1939 and 126.
7
What is the highest common factor of 35 and 1015?
35
Calculate the greatest common factor of 7 and 203.
7
What is the greatest common factor of 1225 and 100?
25
Calculate the highest common factor of 663 and 507.
39
Calculate the highest common divisor of 3168 and 330.
66
Calculate the greatest common divisor of 132 and 99132.
132
What is the highest common factor of 1539 and 114?
57
Calculate the greatest common factor of 576 and 90.
18
What is the highest common factor of 42 and 5138?
14
What is the highest common divisor of 357 and 204?
51
Calculate the highest common divisor of 8 and 372.
4
What is the greatest common divisor of 60 and 7485?
15
What is the greatest common divisor of 15495 and 15?
15
Calculate the highest common factor of 1372 and 56.
28
Calculate the greatest common factor of 110 and 165.
55
What is the greatest common factor of 949 and 584?
73
Calculate the greatest common divisor of 2750 and 352.
22
What is the greatest common factor of 30 and 20?
10
Calculate the greatest common factor of 6 and 102.
6
What is the highest common factor of 488 and 80?
8
What is the greatest common factor of 99 and 8316?
99
What is the greatest common divisor of 156 and 612?
12
What is the highest common divisor of 25686 and 18?
18
Calculate the highest common divisor of 60 and 460.
20
What is the greatest common divisor of 9691 and 11?
11
What is the highest common divisor of 272 and 128?
16
What is the highest common divisor of 38 and 3382?
38
What is the greatest common divisor of 1972 and 272?
68
What is the greatest common factor of 99 and 187?
11
What is the greatest common divisor of 521 and 1?
1
Calculate the greatest common factor of 21 and 9.
3
Calculate the greatest common factor of 231 and 825.
33
What is the highest common factor of 9 and 53073?
9
What is the greatest common factor of 24910 and 212?
106
What is the highest common divisor of 105 and 11865?
105
Calculate the greatest common divisor of 2969 and 2.
1
What is the highest common divisor of 12 and 44?
4
What is the highest common factor of 435 and 2233?
29
What is the greatest common factor of 120933 and 81?
81
What is the greatest common divisor of 428 and 140384?
428
Calculate the highest common factor of 1250 and 400.
50
What is the highest common factor of 63 and 357?
21
Calculate the highest common factor of 30 and 1490.
10
What is the highest common factor of 187 and 33?
11
Calculate the greatest common divisor of 1001 and 13.
13
What is the highest common factor of 17 and 1751?
17
What is the highest common divisor of 19208 and 16?
8
Calculate the greatest common divisor of 181 and 6697.
181
Calculate the highest common factor of 318 and 6.
6
What is the greatest common divisor of 315 and 25?
5
What is the highest common factor of 7843 and 759?
253
What is the highest common divisor of 8 and 5464?
8
What is the greatest common factor of 664 and 32?
8
What is the greatest common divisor of 1701 and 42?
21
What is the highest common factor of 3216 and 60?
12
What is the highest common factor of 142 and 710?
142
Calculate the highest common factor of 6 and 14334.
6
Calculate the highest common divisor of 64 and 224.
32
Calculate the highest common divisor of 583 and 231.
11
What is the highest common divisor of 87 and 45?
3
What is the greatest common divisor of 350 and 6370?
70
What is the highest common factor of 3243 and 46?
23
Calculate the greatest common divisor of 1985 and 5.
5
Calculate the greatest common factor of 6 and 162.
6
What is the greatest common divisor of 37 and 592?
37
What is the highest common divisor of 14 and 91?
7
What is the greatest common divisor of 21 and 98?
7
What is the greatest common divisor of 10 and 4680?
10
What is the greatest common divisor of 2173 and 53?
53
Calculate the greatest common divisor of 473 and 33.
11
Calculate the greatest common factor of 5670 and 175.
35
What is the highest common divisor of 78 and 1352?
26
What is the greatest common factor of 3 and 25059?
3
Calculate the highest common factor of 5 and 160.
5
What is the greatest common divisor of 37 and 1184?
37
Calculate the highest common divisor of 285 and 30.
15
What is the greatest common divisor of 1419 and 33?
33
What is the greatest common divisor of 8 and 22?
2
What is the highest common factor of 2316 and 72?
12
Calculate the greatest common divisor of 60 and 17000.
20
What is the greatest common factor of 248 and 155?
31
Calculate the highest common divisor of 240 and 260.
20
Calculate the highest common divisor of 5901 and 84.
21
What is the highest common factor of 560 and 260?
20
What is the highest common factor of 12050 and 50?
50
What is the highest common factor of 104 and 377?
13
Calculate the highest common factor of 12 and 162.
6
What is the highest common divisor of 20 and 1280?
20
Calculate the highest common factor of 333 and 6216.
111
Calculate the highest common factor of 33633 and 606.
303
What is the highest common divisor of 351 and 26?
13
What is the highest common factor of 1100 and 2500?
100
Calculate the highest common divisor of 88 and 198.
22
What is the highest common factor of 1806 and 86?
86
Calculate the highest common factor of 13756 and 38.
38
Calculate the greatest common factor of 11561 and 22.
11
What is the highest common divisor of 132 and 144?
12
Calculate the greatest common factor of 2